vert -106 (base 8) to base 6.
-154
-110652 (base 7) to base 11
-13753
-2463a (base 11) to base 9
-53465
Convert 173 (base 9) to base 16.
93
Convert -42 (base 15) to base 4.
-332
-6a2 (base 14) to base 2
-10100100110
Convert 1125 (base 7) to base 10.
411
-12412 (base 5) to base 10
-982
10133202 (base 4) to base 10
18402
Convert 546 (base 14) to base 8.
2022
Convert -ffc3 (base 16) to base 9.
-108730
-5305 (base 6) to base 8
-2251
Convert 1101001 (base 2) to base 15.
70
Convert -2a80 (base 12) to base 10.
-4992
Convert 5760 (base 9) to base 14.
17aa
Convert -311 (base 5) to base 12.
-69
-4b53 (base 12) to base 13
-3b85
-1120021021 (base 3) to base 7
-155560
Convert 330125 (base 6) to base 16.
6a85
What is -8236 (base 9) in base 10?
-6027
-1001010100011111 (base 2) to base 14
-dcab
Convert -8665 (base 10) to base 13.
-3c37
Convert -211 (base 4) to base 14.
-29
307 (base 15) to base 13
406
What is -5b64 (base 14) in base 9?
-23807
Convert -14433 (base 5) to base 11.
-a30
Convert -46 (base 10) to base 7.
-64
Convert 2161 (base 10) to base 2.
100001110001
-1040 (base 12) to base 9
-2383
What is -10244 (base 8) in base 9?
-5753
2040 (base 11) to base 12
1696
Convert -425 (base 8) to base 4.
-10111
What is 11233312 (base 4) in base 5?
1223132
What is 121335 (base 8) in base 14?
112a1
Convert -494 (base 16) to base 7.
-3263
What is -289 (base 13) in base 6?
-2031
Convert 242114 (base 5) to base 9.
13347
-1000111 (base 3) to base 12
-51a
Convert -1119 (base 11) to base 12.
-a28
What is 2b00 (base 14) in base 3?
101111010
-123360 (base 7) to base 4
-11210223
Convert 783 (base 10) to base 8.
1417
Convert -4be (base 15) to base 9.
-1428
Convert 21633 (base 7) to base 11.
4117
164 (base 8) to base 12
98
What is 5273 (base 16) in base 14?
7999
Convert -422 (base 6) to base 8.
-236
Convert 2232 (base 4) to base 6.
450
Convert -2012112 (base 3) to base 11.
-1231
What is -108 (base 10) in base 6?
-300
-12110221 (base 3) to base 6
-30254
-201102211 (base 3) to base 13
-65b0
What is 2841 (base 9) in base 7?
6151
Convert 21747 (base 9) to base 15.
4441
What is -3111 (base 6) in base 11?
-579
What is -4313312 (base 5) in base 10?
-72957
Convert -2153 (base 10) to base 5.
-32103
What is 1010000101 (base 2) in base 14?
341
What is 1864 (base 14) in base 3?
20000222
119 (base 11) to base 8
215
-1f2 (base 16) to base 7
-1311
What is 1e (base 15) in base 9?
32
What is c07 (base 13) in base 14?
a55
What is 6005 (base 10) in base 14?
228d
Convert -991 (base 10) to base 11.
-821
What is -25f5 (base 16) in base 15?
-2d2c
Convert 11000110100110 (base 2) to base 9.
18382
Convert 133 (base 12) to base 11.
157
424201 (base 5) to base 4
3133131
Convert -28c (base 15) to base 7.
-1461
-13433 (base 5) to base 7
-3155
Convert -58730 (base 9) to base 8.
-114477
Convert cac (base 14) to base 4.
213020
-63 (base 12) to base 16
-4b
Convert -d86 (base 15) to base 13.
-1509
What is 1110220010 (base 3) in base 4?
13012122
Convert -101001011001 (base 2) to base 14.
-d73
What is -35603 (base 8) in base 6?
-154311
Convert 11001011111 (base 2) to base 12.
b3b
What is -1003130 (base 4) in base 11?
-3274
Convert 42c8 (base 13) to base 5.
244130
What is 870 (base 9) in base 2?
1011000111
Convert 30661 (base 7) to base 13.
3580
What is -4611 (base 8) in base 16?
-989
1103 (base 5) to base 4
2121
What is 343 (base 11) in base 15?
1c5
Convert -22021220 (base 3) to base 9.
-8256
362 (base 11) to base 16
1af
-1102 (base 3) to base 12
-32
Convert a87 (base 12) to base 4.
120013
What is 4a7 (base 13) in base 9?
1103
-18316 (base 10) to base 6
-220444
-169 (base 16) to base 7
-1024
876 (base 13) to base 15
669
-2156 (base 13) to base 11
-3533
110332 (base 4) to base 5
20332
2c8c (base 14) to base 3
101220222
Convert -3330 (base 5) to base 15.
-210
What is 74b8 (base 15) in base 7?
132002
What is -11460 (base 7) in base 14?
-1130
-10103133 (base 4) to base 14
-65d5
What is -1579 (base 13) in base 15?
-de7
-106 (base 14) to base 7
-406
-d20b (base 14) to base 3
-1211111010
1213 (base 11) to base 14
815
Convert 54200 (base 9) to base 14.
d111
Convert -6177 (base 13) to base 9.
-20403
2842 (base 13) to base 11
43a3
What is -111211 (base 3) in base 14?
-1c9
Convert -4d1 (base 16) to base 2.
-10011010001
What is 22111 (base 4) in base 12?
471
What is -1093 (base 10) in base 6?
-5021
Convert -4534 (base 6) to base 13.
-640
What is 3449 (base 13) in base 8?
16240
eccd (base 15) to base 8
141737
Convert 415322 (base 6) to base 8.
101502
-1830 (base 11) to base 3
-10012101
1111100000 (base 2) to base 13
5b4
Convert 3989 (base 11) to base 5.
131204
What is 1011001000 (base 2) in base 12?
4b4
Convert -441 (base 16) to base 9.
-1440
-11011100011 (base 2) to base 14
-8dd
Convert 10301231 (base 4) to base 3.
222211122
What is -1011100111011010 (base 2) in base 10?
-47578
What is af1 (base 16) in base 14?
1041
What is 17048 (base 10) in base 6?
210532
63205 (base 8) to base 14
97c9
Convert -3145 (base 8) to base 7.
-4526
Convert -1813 (base 15) to base 5.
-131233
4370 (base 9) to base 16
c96
352131 (base 6) to base 4
13121113
What is 88d (base 14) in base 2?
11010011101
Convert 641 (base 7) to base 12.
22b
Convert -110012222 (base 3) to base 16.
-22cd
Convert 588 (base 14) to base 13.
668
Convert 372 (base 13) to base 8.
1130
What is -2001202111 (base 3) in base 2?
-1001111011001000
What is -2404 (base 9) in base 12?
-104a
-103320 (base 5) to base 8
-7001
-111111111 (base 2) to base 12
-367
Convert a2 (base 15) to base 6.
412
Convert 147 (base 10) to base 3.
12110
-2442 (base 6) to base 8
-1132
What is 2ad2 (base 14) in base 3?
101110200
3620 (base 7) to base 14
6b7
Convert -121433 (base 6) to base 3.
-112202010
Convert 221331 (base 4) to base 10.
2685
Convert -439d (base 16) to base 7.
-101315
Convert 266 (base 9) to base 14.
11c
What is 3a9 (base 15) in base 6?
3510
Convert -4724 (base 8) to base 6.
-15352
1101010111 (base 2) to base 14
451
b46 (base 13) to base 9
2560
-777 (base 8) to base 13
-304
-56b (base 16) to base 9
-1811
What is 6d9 (base 16) in base 5?
24003
14253 (base 6) to base 2
100011011001
-155d (base 14) to base 12
-2253
2032 (base 9) to base 8
2717
What is 31030 (base 4) in base 11?
6a8
-268b (base 13) to base 9
-7516
What is -101d (base 14) in base 15?
-c4b
What is -168 (base 13) in base 4?
-3333
Convert -16674 (base 9) to base 4.
-2303200
-35520 (base 11) to base 6
-1033021
1232 (base 11) to base 3
2012120
Convert 100122120 (base 3) to base 12.
40a3
Convert -16a1 (base 16) to base 9.
-7846
What is a10 (base 14) in base 16?
7b6
What is -1aab (base 14) in base 3?
-20122211
What is -523 (base 10) in base 12?
-377
49f (base 16) to base 3
1121211
Convert -432010 (base 6) to base 13.
-13185
Convert 23131 (base 4) to base 7.
2065
What is 1527 (base 13) in base 6?
22123
Convert -924 (base 15) to base 16.
-80b
What is 628 (base 9) in base 15?
242
Convert -1637 (base 8) to base 9.
-1240
Convert -110550 (base 6) to base 4.
-2101002
141205 (base 7) to base 12
13661
Convert 8b5b (base 14) to base 13.
b019
5440 (base 8) to base 9
3814
-43201 (base 6) to base 13
-28c3
Convert -159 (base 15) to base 7.
-621
Convert -36110 (base 10) to base 15.
-aa75
What is -3062a (base 12) in base 9?
-105507
-1011000000100 (base 2) to base 3
-21201202
Convert -2128 (base 11) to base 7.
-11126
12101 (base 5) to base 15
401
Convert -61 (base 10) to base 7.
-115
103221332 (base 4) to base 2
10011101001111110
Convert -357d (base 14) to base 3.
-110210022
-1770 (base 8) to base 10
-1016
What is -2461 (base 8) in base 12?
-929
Convert 578 (base 12) to base 6.
3432
Convert -2532 (base 8) to base 16.
-55a
What is -306 (base 9) in base 10?
-249
Convert 100012 (base 3) to base 6.
1052
-101011 (base 3) to base 14
-158
Convert 1120111200 (base 3) to base 9.
46450
-1790 (base 12) to base 8
-5434
What is 615 (base 8) in base 5?
3042
-101100101010110 (base 2) to base 7
-123451
-1396 (base 16) to base 7
-20422
What is 90 (base 13) in base 4?
1311
-1001110100 (base 2) to base 3
-212021
What is -29b (base 15) in base 5?
-4341
Convert 2411 (base 10) to base 4.
211223
What is -1847 (base 14) in base 11?
-3318
Convert 1e2b (base 16) to base 13.
3691
Convert 10101010 (base 2) to base 14.
c2
What is 18282 (base 11) in base 16?
6415
30 (base 8) to 